) be the second derivative of a**5/20 + 7*a**4/6 - a**3/3 - 15*a**2/2 - 5*a. What is the tens digit of i(-14)?
1
Let y(m) be the third derivative of -m**6/120 - m**5/10 - m**4/3 - 7*m**3/6 + 6*m**2. What is the units digit of y(-5)?
8
Let a(j) = j**3 + 2*j**2 + 2*j - 2. Let i(r) = 2*r**3 + 3*r**2 + 3*r - 3. Let s(x) = 7*a(x) - 4*i(x). What is the units digit of s(-2)?
0
Suppose -3*a - 2*k = -0*a - 35, -3*a - 3*k + 30 = 0. What is the tens digit of a?
1
Suppose n + 3 = -3*n - o, 2*n - 4*o = 12. Suppose h - 3*h + 4 = n. What is the units digit of 2/(2/6*h)?
3
Let b(s) = -s + 13. What is the tens digit of b(0)?
1
Let u = 7 + 0. What is the units digit of 4/1*u/2?
4
Let v = 17 + -15. What is the units digit of v?
2
Suppose 3*h - 30 = -2*h. Suppose -5*t = o - 24, -5*t + 26 = 3*o - h. Let x = o - 2. What is the units digit of x?
2
Let f be 6/9 + 20/6. Suppose 0 = 3*r - f - 65. What is the tens digit of r?
2
Let h(u) = -u + 6. Let w be h(4). Suppose -4*m - 7 = -a, w*m + 5 - 3 = 2*a. What is the units digit of -1 - (-2 - (m + 4))?
3
Let m(h) = -h + 6. Let w be m(10). Suppose -4*r = -3*r + 21. What is the units digit of 16/6*r/w?
4
Let d(s) be the third derivative of -3*s**6/10 - s**3/6 + s**2. Let h be d(-1). Suppose -3*c = 2*c - h. What is the units digit of c?
7
Let j be (12/5)/((-4)/(-20)). What is the tens digit of 126/(-6)*j/(-14)?
1
Let h(a) = 3*a**3 - 3*a**2 + a + 2. Let l be h(2). Suppose 2*t = -5*s - l + 1, 2*s = -2*t - 18. Let y(c) = -c. What is the units digit of y(t)?
0
Suppose 1 = o + 3*q - 14, 5*o + q - 47 = 0. Let h = -7 + o. What is the units digit of 14/4*(4 - h)?
7
Let i = 41 + -25. Suppose 0 = -q + 52 - i. What is the tens digit of q?
3
Let o be (1 - 2) + 4/4. Suppose o = 3*v + 13 + 8. Let p = 22 + v. What is the tens digit of p?
1
Suppose -3*v + 17 = 5*w - 5*v, 12 = 4*w - 2*v. Suppose 2*n - 4 = 0, w*u = -0*n + 5*n + 10. What is the units digit of u?
4
Let k(q) be the first derivative of -q**3/3 - 2*q**2 + q - 2. Let o be k(-4). What is the units digit of o/((-21)/(-9) + -2)?
3
Let c(n) = -n**3 + 4*n**2 + 11*n + 11. What is the units digit of c(6)?
5
Let g(k) = k**2 - k + 4. Let d(o) = o**2 - o. Let i be d(1). Let r be g(i). Suppose p - 5 = -r*p. What is the units digit of p?
1
Suppose -119*u + 115*u = -776. What is the hundreds digit of u?
1
Suppose 3*u = s - 59, -2*s - s + 3*u + 165 = 0. What is the units digit of s?
3
Let l be (-54)/(-10) - 10/25. Let t(s) = -s - 4. Let x be t(-9). Suppose -l*z - 4*f + 52 = 0, 7*z - 2*z + x*f = 55. What is the units digit of z?
8
Let d = 8 - 4. Suppose d*h = -4*z + 16, z - 4*h - 2 = -8. Suppose -z = -w + 5*p, w = -p - 0*p + 2. What is the units digit of w?
2
Let w = 6 + -4. Suppose 0*i + 2*i - 3*a - 10 = 0, 4*i + w*a - 20 = 0. Suppose i*m - 3*b = 60, -m - 4*b + 5 = 16. What is the units digit of m?
9
What is the units digit of -1 - -3 - (-3 - 20)?
5
Suppose 5*r = 0, -91 + 7 = -4*z + 2*r. What is the units digit of z?
1
Let y be ((-6)/10)/((-2)/10). Suppose 0 = u - q - 8, -u = 3*u - y*q - 30. Suppose -u*k - 15 = -9*k. What is the units digit of k?
5
Suppose 228 = -4*k + 96. What is the tens digit of 4/22 + (-555)/k?
1
What is the tens digit of (6 - -1)*(-240)/(-56)?
3
Let i = 20 - 4. Let k = 8 + i. What is the units digit of k?
4
Let p(a) = -46*a - 12. What is the tens digit of p(-7)?
1
Let u be (-2)/(-3 - -8 - 3). What is the units digit of -6*(-3 - (1 + u))?
8
Let q = 161 - 15. What is the tens digit of q?
4
Let i(x) be the third derivative of -x**4/24 - x**3 + 2*x**2. Let l be i(-5). Let v = 0 - l. What is the units digit of v?
1
Let i = -2 + 34. What is the units digit of i?
2
Let o(c) = -20*c - 2. Let k be (-4)/(-6) + 15/(-9). What is the tens digit of o(k)?
1
Let r(i) be the second derivative of -3*i**5/10 + i**4/6 + i**3/6 + 3*i. Let o be r(-1). Suppose 2*a - 1 - o = 0. What is the units digit of a?
4
Let q be (96/15 - 2)*5. Suppose h - q = -3*a, 0 = -4*a + 5*a - 4. Suppose 3*m - h = 8. What is the units digit of m?
6
Let z be 2/9 - (-48)/27. Suppose 0 = -0*a - z*a + 48. Suppose -4*j = 4*w + 4 - 56, -a = -2*j - w. What is the units digit of j?
1
Let g = -4 - -9. Suppose -g*a - 5*h + 135 = 0, -a - 2*a + 91 = -2*h. What is the tens digit of a?
2
Suppose -2*d - 2*g - 20 = 0, d - g + 14 = -2*d. Let m = d - -10. Let r = m - 3. What is the units digit of r?
1
Let h be 6/3 - 2 - 3. What is the units digit of h/12 - 387/(-12)?
2
Suppose 0 = -5*c + 10 + 5. Suppose 7 - 34 = -c*k. What is the units digit of k?
9
Suppose 0 = -2*h + 72 + 30. What is the units digit of h?
1
Suppose -2*d - 2 + 4 = 0. Let c(y) = 0 - 1 + 11*y + y. What is the units digit of c(d)?
1
Let z(j) = 2*j - 3. Let p be z(3). Let b be ((-1)/(p/12))/(-1). Let x = 11 + b. What is the units digit of x?
5
Let z = 120 + -79. What is the units digit of z?
1
What is the tens digit of -2 + 4 + 17 + 1?
2
Let t(r) be the second derivative of r**4/12 - 5*r**3/6 + 7*r**2/2 - 3*r. What is the units digit of t(6)?
3
Let h(s) = -s**2 - 7*s + 4. Let f be h(-7). Suppose 14 = -2*r + f*r. What is the units digit of r?
7
Let v be 1/2 + (-1)/2. What is the tens digit of 0 - (-1 - v)*13?
1
Let a(f) = 10*f**3 - f**2 - f + 1. Let u be a(1). Suppose -d + 5*b - 10 = -0*b, -3*d + 2*b - 4 = 0. Suppose t = -d + u. What is the units digit of t?
9
Let x(z) = 5*z - 8. What is the units digit of x(4)?
2
Suppose -f = f + 16. Let q = f - -17. What is the units digit of q?
9
Let b(i) = -i**2 + 28*i - 15. What is the units digit of b(14)?
1
What is the tens digit of 306/(-36)*(1 + -3)?
1
Suppose q = -q + 38. Let r(o) = -o**3 - 5*o**2 - o + 4. Let i be r(-4). Let g = i + q. What is the units digit of g?
1
Let h be ((-2)/4)/((-10)/260). Let m = 17 - h. What is the units digit of m?
4
Let p be (4/2)/(1/2). Let x = p - 1. Suppose 0*m + m + x = 0, -3*z = 4*m - 18. What is the units digit of z?
0
Let s(l) = -3*l**3 + l + 1. Suppose 2*c + 1 = u, -u = -c - 0*c. Let g be s(u). Suppose g - 9 = -w. What is the units digit of w?
6
Let d be -6*(1/(-2))/1. Let y be ((-6)/(-9))/(d/45). Suppose -20 = -c - v, 3*v + 20 = 3*c - y. What is the tens digit of c?
1
What is the units digit of (10 + -28)/((-6)/4)?
2
Let y(t) = -t**3 - 5*t**2 - t. Let k be y(-5). What is the units digit of ((-32)/k)/((-4)/30)?
8
Let t be ((-20)/(-6))/((-11)/33). Let w(k) = -5*k - 14. What is the units digit of w(t)?
6
Let d = -5 - -7. Suppose 0 = d*f + 1 - 11. Suppose 5*n - f*c - 70 = 0, -4*c + 9*c = -15. What is the units digit of n?
1
Suppose -4*v + 156 = -l, 4*v - l - 196 = -v. What is the tens digit of v?
4
Let i be (-1 - -2 - 0) + -1. Suppose -5*h = -4*a + 39, -5*h - 27 = -i*a - 2*a. What is the units digit of ((-45)/a)/5*-6?
9
Let w(r) = -r**3 - 19*r**2 - 38*r + 41. What is the hundreds digit of w(-17)?
1
Let f = -41 + 14. Let u(d) = -d**3 - d**2 + d + 328. Let l be u(0). What is the units digit of l/18 + 6/f?
8
Let p(j) = -j**3 - 5*j**2 + 5*j - 4. Let w be p(-6). Suppose -w*r + 38 = -36. What is the units digit of r?
7
Let u(g) = 15*g - 3. Let r(n) = -22*n + 5. Let d(q) = 5*r(q) + 7*u(q). What is the units digit of d(-3)?
9
Let f(r) be the second derivative of -r**3/3 - 2*r**2 + 7*r. What is the units digit of f(-4)?
4
Let j = -3 - -5. Suppose 4*y + j*y - 198 = 0. What is the units digit of y?
3
Suppose y + 13 = 4*z, -8 = -4*y + 5*z - z. Suppose -3*l + y = -5. Let n = l - -9. What is the tens digit of n?
1
Suppose -4*d + 3*l - 5*l + 42 = 0, 5*d - 65 = -5*l. Let c(u) = 8*u - 17*u + 2 - u**2 - d. What is the units digit of c(-5)?
4
Suppose 452 = 5*p - 4*r, p + 3*p = 4*r + 364. Suppose -m - 128 = -5*b, -3*b - p = -7*b - 4*m. What is the units digit of b?
5
Suppose 15 = 5*s, -6 = 2*y + y - 5*s. Suppose 0 = 3*o - 36 + y. Let d = o + -3. What is the units digit of d?
8
Let k(x) = x**3 - 9*x**2 + 10*x + 2. Let j be k(8). Suppose -l - j = 2*l. What is the units digit of 9 - (-4)/l*3?
7
Let t be 0 + -6*(-16)/12. Let d(l) = 3*l - 4. What is the tens digit of d(t)?
2
Let u = -8 + 7. Let d be (7*-2)/u + -3. Suppose 0 = -2*l + d + 13. What is the tens digit of l?
1
Suppose 134 = o + 2*l + 2*l, -5*l = 2*o - 253. What is the hundreds digit of o?
1
Let k(a) = -a + 21. What is the tens digit of k(9)?
1
Suppose -7*z + 0*z = -364. What is the tens digit of z?
5
Suppose -120 = -13*x + 8*x. Let l = x - 16. What is the un